144?
143
What is the remainder when 664699 is divided by 29?
19
What is the remainder when 242181 is divided by 5?
1
Calculate the remainder when 204698 is divided by 92.
90
What is the remainder when 17587 is divided by 4371?
103
Calculate the remainder when 103948 is divided by 315.
313
Calculate the remainder when 30303 is divided by 6053.
38
What is the remainder when 4661 is divided by 212?
209
Calculate the remainder when 8353 is divided by 3935.
483
Calculate the remainder when 968 is divided by 97.
95
What is the remainder when 395354 is divided by 29?
26
What is the remainder when 8636 is divided by 163?
160
What is the remainder when 32734 is divided by 176?
174
What is the remainder when 881 is divided by 177?
173
What is the remainder when 3152 is divided by 203?
107
Calculate the remainder when 11949 is divided by 11.
3
What is the remainder when 2556 is divided by 301?
148
What is the remainder when 29739 is divided by 214?
207
Calculate the remainder when 1683 is divided by 870.
813
What is the remainder when 18142 is divided by 4498?
150
Calculate the remainder when 11761 is divided by 3897.
70
What is the remainder when 14038 is divided by 3488?
86
What is the remainder when 10177 is divided by 1126?
43
Calculate the remainder when 4127 is divided by 344.
343
What is the remainder when 647 is divided by 31?
27
What is the remainder when 6890 is divided by 6877?
13
What is the remainder when 5544 is divided by 1384?
8
Calculate the remainder when 996837 is divided by 13.
10
Calculate the remainder when 22965 is divided by 7606.
147
What is the remainder when 4374 is divided by 20?
14
Calculate the remainder when 106703 is divided by 19.
18
Calculate the remainder when 38331 is divided by 232.
51
What is the remainder when 58142 is divided by 58129?
13
What is the remainder when 381 is divided by 159?
63
What is the remainder when 91068 is divided by 45531?
6
Calculate the remainder when 2516 is divided by 341.
129
Calculate the remainder when 16065 is divided by 171.
162
What is the remainder when 84448 is divided by 139?
75
Calculate the remainder when 4616 is divided by 381.
44
What is the remainder when 1351 is divided by 40?
31
What is the remainder when 1329715 is divided by 2587?
2584
What is the remainder when 4334 is divided by 392?
22
What is the remainder when 52753 is divided by 121?
118
What is the remainder when 294602 is divided by 78?
74
What is the remainder when 3039 is divided by 80?
79
What is the remainder when 3951 is divided by 2?
1
What is the remainder when 384999 is divided by 586?
583
What is the remainder when 13858 is divided by 2746?
128
Calculate the remainder when 2010 is divided by 67.
0
Calculate the remainder when 2089599 is divided by 50.
49
What is the remainder when 27337 is divided by 147?
142
What is the remainder when 494332 is divided by 975?
7
What is the remainder when 43969 is divided by 3379?
42
Calculate the remainder when 2694 is divided by 786.
336
Calculate the remainder when 33109 is divided by 144.
133
Calculate the remainder when 43643 is divided by 8727.
8
What is the remainder when 126414 is divided by 356?
34
Calculate the remainder when 2774 is divided by 182.
44
What is the remainder when 1023 is divided by 88?
55
What is the remainder when 46884 is divided by 238?
236
Calculate the remainder when 2934 is divided by 2904.
30
What is the remainder when 165437 is divided by 22?
19
What is the remainder when 4008 is divided by 476?
200
Calculate the remainder when 797455 is divided by 8.
7
Calculate the remainder when 640194 is divided by 50.
44
Calculate the remainder when 19947 is divided by 95.
92
Calculate the remainder when 61422 is divided by 121.
75
What is the remainder when 1618137 is divided by 34?
9
Calculate the remainder when 231754 is divided by 124.
122
Calculate the remainder when 17550 is divided by 161.
1
Calculate the remainder when 6317 is divided by 161.
38
What is the remainder when 172812 is divided by 57596?
24
Calculate the remainder when 811 is divided by 160.
11
What is the remainder when 19760 is divided by 81?
77
What is the remainder when 287207 is divided by 141?
131
What is the remainder when 146848 is divided by 19?
16
Calculate the remainder when 49361 is divided by 7005.
326
What is the remainder when 2612 is divided by 246?
152
Calculate the remainder when 1350 is divided by 218.
42
Calculate the remainder when 121493 is divided by 598.
99
Calculate the remainder when 37225 is divided by 827.
10
Calculate the remainder when 205950 is divided by 329.
325
Calculate the remainder when 16493 is divided by 275.
268
What is the remainder when 460869 is divided by 222?
219
What is the remainder when 40567 is divided by 44?
43
What is the remainder when 45726 is divided by 11345?
346
What is the remainder when 1466 is divided by 263?
151
Calculate the remainder when 23181 is divided by 24.
21
What is the remainder when 84893 is divided by 130?
3
What is the remainder when 145645 is divided by 365?
10
Calculate the remainder when 47553 is divided by 164.
157
Calculate the remainder when 12565 is divided by 3038.
413
Calculate the remainder when 2306 is divided by 230.
6
What is the remainder when 11914 is divided by 9?
7
What is the remainder when 391756 is divided by 32?
12
Calculate the remainder when 25682 is divided by 46.
14
Calculate the remainder when 12468 is divided by 27.
21
What is the remainder when 39949 is divided by 23?
21
Calculate the remainder when 125883 is divided by 34.
15
Calculate the remainder when 273822 is divided by 32.
30
What is the remainder when 1112712 is divided by 22?
18
Calculate the remainder when 127305 is divided by 1464.
1401
What is the remainder when 2115 is divided by 366?
285
Calculate the remainder when 35907 is divided by 239.
57
Calculate the remainder when 8728 is divided by 2840.
208
Calculate the remainder when 19355 is divided by 234.
167
What is the remainder when 1093012 is divided by 47522?
6
Calculate the remainder when 7519 is divided by 358.
1
What is the remainder when 29541 is divided by 416?
5
What is the remainder when 4481633 is divided by 1770?
1763
What is the remainder when 160986 is divided by 722?
702
What is the remainder when 966 is divided by 168?
126
Calculate the remainder when 122364 is divided by 61177.
10
What is the remainder when 29262 is divided by 37?
32
What is the remainder when 38698 is divided by 172?
170
What is the remainder when 7714 is divided by 1531?
59
What is the remainder when 270648 is divided by 199?
8
What is the remainder when 121821 is divided by 13530?
51
What is the remainder when 58144 is divided by 401?
400
Calculate the remainder when 40013 is divided by 122.
119
Calculate the remainder when 22687 is divided by 107.
3
Calculate the remainder when 4063 is divided by 22.
15
Calculate the remainder when 38879 is divided by 39.
35
Calculate the remainder when 11718 is divided by 3860.
138
Calculate the remainder when 225414 is divided by 81.
72
What is the remainder when 515 is divided by 191?
133
What is the remainder when 397033 is divided by 27?
25
What is the remainder when 355202 is divided by 318?
314
Calculate the remainder when 361 is divided by 57.
19
Calculate the remainder when 32325 is divided by 1616.
5
Calculate the remainder when 179128 is divided by 6634.
10
Calculate the remainder when 10616 is divided by 109.
43
What is the remainder when 262 is divided by 64?
6
Calculate the remainder when 1075 is divided by 153.
4
What is the remainder when 1134413 is divided by 13?
7
Calculate the remainder when 105700 is divided by 87.
82
What is the remainder when 59600 is divided by 455?
450
What is the remainder when 23034 is divided by 11481?
72
Calculate the remainder when 53554 is divided by 2229.
58
What is the remainder when 36450 is divided by 36433?
17
Calculate the remainder when 66228 is divided by 946.
8
What is the remainder when 3237 is divided by 653?
625
What is the remainder when 13869 is divided by 95?
94
What is the remainder when 897 is divided by 118?
71
What is the remainder when 133913 is divided by 2792?
2689
What is the remainder when 7089 is divided by 1095?
519
What is the remainder when 10844 is divided by 5283?
27